{"id":25,"date":"2024-01-31T19:00:46","date_gmt":"2024-01-31T22:00:46","guid":{"rendered":"http:\/\/comomeaposentar.com.br\/?page_id=25"},"modified":"2024-01-31T19:00:46","modified_gmt":"2024-01-31T22:00:46","slug":"home","status":"publish","type":"page","link":"https:\/\/comomeaposentar.com.br\/","title":{"rendered":"Home"},"content":{"rendered":"<section class=\"hts-section hts-hero\">\n    <div class=\"hts-hero-spacer\"><\/div>\n    <div class=\"hts-hero-content\">\n        <div class=\"hts-hero-image\">\n            <img decoding=\"async\" src=\"https:\/\/images.unsplash.com\/photo-1580763850522-504d40a05c50?crop=entropy\" alt=\"background\" \/>\n        <\/div>\n        <div class=\"hts-hero-block\">\n            <div class=\"hts-hero-body\">\n                <div class=\"hts-hero-details\">\n                    <div>\n                        <h1>Bem-vindo ao Como me Aposentar<\/h1>\n                        <p>Aqui voc\u00ea encontrar\u00e1 todas as informa\u00e7\u00f5es necess\u00e1rias para planejar e alcan\u00e7ar uma aposentadoria tranquila. N\u00f3s estamos aqui para te orientar durante todo o processo.<\/p>\n                        <a href=\"https:\/\/comomeaposentar.com.br\/?page_id=15\" class=\"btn primary\" >Read more<\/a>\n                    <\/div>\n                    <div class=\"hts-hero-body-image\">\n                        <img decoding=\"async\" src=\"https:\/\/images.unsplash.com\/photo-1580763850522-504d40a05c50?crop=entropy\" alt=\"background\" \/>\n                    <\/div>\n                    <div class=\"hts-hero-footer\">\n                        <div class=\"hts-social\">\n                                                                                                                                        <\/div>\n                        <p class=\"hts-title\">Planeje sua aposentadoria com seguran\u00e7a e tranquilidade<\/p>\n                    <\/div>\n                <\/div>\n            <\/div>\n        <\/div>\n    <\/div>\n<\/section><section class=\"hts-section hts-no-border hts-posts hts-featured-post-wrapper\">\n    <div>\n                <div class=\"hts-posts-header\">\n            <h2 class=\"hts-title\">Featured post<\/h2>\n        <\/div>\n                <div class=\"hts-featured-post\">\n            <!-- Post -->\n            <div class=\"hts-post\">\n                <div class=\"hts-image-wrapper\">\n                                        <a href=\"https:\/\/comomeaposentar.com.br\/?p=4\" class=\"hts-featured-post-link\">\n                        <img decoding=\"async\" src=\"https:\/\/images.unsplash.com\/photo-1512758017271-d7b84c2113f1?crop=entropy\" title=\"Photo by Daria Nepriakhina \ud83c\uddfa\ud83c\udde6\" alt=\"printed sticky notes glued on board\">                    <\/a>\n                                        <span class=\"hts-unsplash-data\">Photo by <a href=\"https:\/\/unsplash.com\/@epicantus?utm_source=hostinger&#038;utm_medium=referral\" rel=\"nofollow\">Daria Nepriakhina \ud83c\uddfa\ud83c\udde6<\/a> on <a href=\"https:\/\/unsplash.com\/?utm_source=hostinger&#038;utm_medium=referral\" rel=\"nofollow\">Unsplash<\/a><\/span>                <\/div>\n                <div class=\"hts-post-details\">\n                    <div class=\"hts-posts-body-header\">\n                        <h2 class=\"hts-title\">Featured post<\/h2>\n                    <\/div>\n                    <div class=\"hts-capsules\">\n                                                                                                                        <a href=\"https:\/\/comomeaposentar.com.br\/?cat=1\">\n                            <div>Blog<\/div>\n                        <\/a>\n                                                                                            <\/div>\n                                        <a href=\"https:\/\/comomeaposentar.com.br\/?p=4\">\n                        <h3 class=\"hts-title\">Um guia completo para quem deseja se aposentar<\/h3>\n                    <\/a>\n                                                            <p class=\"small\">January 31, 2024 | by comomeaposentar.com.br<\/p>\n                                    <\/div>\n            <\/div>\n        <\/div>\n    <\/div>\n<\/section><section class=\"hts-section hts-posts\">\n    <hr class=\"full\">\n    <div>\n        <div class=\"hts-posts-header\">\n            <h2 class=\"hts-title\">Latest posts<\/h2>\n            <a href=\"https:\/\/comomeaposentar.com.br\/?page_id=18\" class=\"hts-posts-action\">\n                <p>View all<\/p>\n                <img decoding=\"async\" src=\"https:\/\/comomeaposentar.com.br\/wp-content\/themes\/hostinger-blog\/build\/images\/icon-arrow-right.svg\" alt=\"view all\">\n            <\/a>\n        <\/div>\n        <div class=\"hts-posts-list\">\n                        <div class=\"hts-post hts-large\">\n                                <div class=\"hts-image-wrapper\">\n                                        <a href=\"https:\/\/comomeaposentar.com.br\/?p=30\" class=\"hts-featured-post-link\">\n                        <img decoding=\"async\" src=\"https:\/\/images.unsplash.com\/photo-1491438590914-bc09fcaaf77a?crop=entropy\" title=\"Photo by Priscilla Du Preez \ud83c\udde8\ud83c\udde6\" alt=\"people laughing and talking outside during daytime\">                    <\/a>\n                                        <span class=\"hts-unsplash-data\">Photo by <a href=\"https:\/\/unsplash.com\/@priscilladupreez?utm_source=hostinger&#038;utm_medium=referral\" rel=\"nofollow\">Priscilla Du Preez \ud83c\udde8\ud83c\udde6<\/a> on <a href=\"https:\/\/unsplash.com\/?utm_source=hostinger&#038;utm_medium=referral\" rel=\"nofollow\">Unsplash<\/a><\/span>                <\/div>\n                <div class=\"hts-post-details\">\n                    <div class=\"hts-capsules\">\n                                                                                                                        <a href=\"https:\/\/comomeaposentar.com.br\/?cat=1\">\n                            <div>Blog<\/div>\n                        <\/a>\n                                                                                            <\/div>\n                    <a href=\"https:\/\/comomeaposentar.com.br\/?p=30\">\n                        <h3 class=\"hts-title\">Um guia completo para quem deseja se aposentar<\/h3>\n                    <\/a>\n                                        <p class=\"small\">January 31, 2024 | by comomeaposentar.com.br<\/p>\n                                    <\/div>\n            <\/div>\n                        <div class=\"hts-post \">\n                                <div class=\"hts-image-wrapper\">\n                                        <a href=\"https:\/\/comomeaposentar.com.br\/?p=28\" class=\"hts-featured-post-link\">\n                        <img decoding=\"async\" src=\"https:\/\/images.unsplash.com\/photo-1705859939168-683627b16705?crop=entropy\" title=\"Photo by Mister Paps\" alt=\"a tall building with a clock on the front of it\">                    <\/a>\n                                        <span class=\"hts-unsplash-data\">Photo by <a href=\"https:\/\/unsplash.com\/@themisterpaps?utm_source=hostinger&#038;utm_medium=referral\" rel=\"nofollow\">Mister Paps<\/a> on <a href=\"https:\/\/unsplash.com\/?utm_source=hostinger&#038;utm_medium=referral\" rel=\"nofollow\">Unsplash<\/a><\/span>                <\/div>\n                <div class=\"hts-post-details\">\n                    <div class=\"hts-capsules\">\n                                                                                                                        <a href=\"https:\/\/comomeaposentar.com.br\/?cat=1\">\n                            <div>Blog<\/div>\n                        <\/a>\n                                                                                            <\/div>\n                    <a href=\"https:\/\/comomeaposentar.com.br\/?p=28\">\n                        <h3 class=\"hts-title\">Um guia completo para planejar sua aposentadoria<\/h3>\n                    <\/a>\n                                        <p class=\"small\">January 31, 2024 | by comomeaposentar.com.br<\/p>\n                                    <\/div>\n            <\/div>\n                        <div class=\"hts-post \">\n                                <div class=\"hts-image-wrapper\">\n                                        <a href=\"https:\/\/comomeaposentar.com.br\/?p=13\" class=\"hts-featured-post-link\">\n                        <img decoding=\"async\" src=\"https:\/\/images.unsplash.com\/photo-1628655207872-26cdf779011d?crop=entropy\" title=\"Photo by Antony Freitas\" alt=\"man in red shirt sitting on bench near tree during daytime\">                    <\/a>\n                                        <span class=\"hts-unsplash-data\">Photo by <a href=\"https:\/\/unsplash.com\/@kokaje?utm_source=hostinger&#038;utm_medium=referral\" rel=\"nofollow\">Antony Freitas<\/a> on <a href=\"https:\/\/unsplash.com\/?utm_source=hostinger&#038;utm_medium=referral\" rel=\"nofollow\">Unsplash<\/a><\/span>                <\/div>\n                <div class=\"hts-post-details\">\n                    <div class=\"hts-capsules\">\n                                                                                                                        <a href=\"https:\/\/comomeaposentar.com.br\/?cat=1\">\n                            <div>Blog<\/div>\n                        <\/a>\n                                                                                            <\/div>\n                    <a href=\"https:\/\/comomeaposentar.com.br\/?p=13\">\n                        <h3 class=\"hts-title\">Um guia completo para quem deseja se aposentar<\/h3>\n                    <\/a>\n                                        <p class=\"small\">January 31, 2024 | by comomeaposentar.com.br<\/p>\n                                    <\/div>\n            <\/div>\n                        <div class=\"hts-post \">\n                                <div class=\"hts-image-wrapper\">\n                                        <a href=\"https:\/\/comomeaposentar.com.br\/?p=9\" class=\"hts-featured-post-link\">\n                        <img decoding=\"async\" src=\"https:\/\/images.unsplash.com\/photo-1705859939168-683627b16705?crop=entropy\" title=\"Photo by Mister Paps\" alt=\"a tall building with a clock on the front of it\">                    <\/a>\n                                        <span class=\"hts-unsplash-data\">Photo by <a href=\"https:\/\/unsplash.com\/@themisterpaps?utm_source=hostinger&#038;utm_medium=referral\" rel=\"nofollow\">Mister Paps<\/a> on <a href=\"https:\/\/unsplash.com\/?utm_source=hostinger&#038;utm_medium=referral\" rel=\"nofollow\">Unsplash<\/a><\/span>                <\/div>\n                <div class=\"hts-post-details\">\n                    <div class=\"hts-capsules\">\n                                                                                                                        <a href=\"https:\/\/comomeaposentar.com.br\/?cat=1\">\n                            <div>Blog<\/div>\n                        <\/a>\n                                                                                            <\/div>\n                    <a href=\"https:\/\/comomeaposentar.com.br\/?p=9\">\n                        <h3 class=\"hts-title\">Um guia completo para planejar a sua aposentadoria<\/h3>\n                    <\/a>\n                                        <p class=\"small\">January 31, 2024 | by comomeaposentar.com.br<\/p>\n                                    <\/div>\n            <\/div>\n                        <div class=\"hts-post \">\n                                <div class=\"hts-image-wrapper\">\n                                        <a href=\"https:\/\/comomeaposentar.com.br\/?p=6\" class=\"hts-featured-post-link\">\n                        <img decoding=\"async\" src=\"https:\/\/images.unsplash.com\/photo-1542744173-05336fcc7ad4?crop=entropy\" title=\"Photo by Campaign Creators\" alt=\"person using MacBook Pro\">                    <\/a>\n                                        <span class=\"hts-unsplash-data\">Photo by <a href=\"https:\/\/unsplash.com\/@campaign_creators?utm_source=hostinger&#038;utm_medium=referral\" rel=\"nofollow\">Campaign Creators<\/a> on <a href=\"https:\/\/unsplash.com\/?utm_source=hostinger&#038;utm_medium=referral\" rel=\"nofollow\">Unsplash<\/a><\/span>                <\/div>\n                <div class=\"hts-post-details\">\n                    <div class=\"hts-capsules\">\n                                                                                                                        <a href=\"https:\/\/comomeaposentar.com.br\/?cat=1\">\n                            <div>Blog<\/div>\n                        <\/a>\n                                                                                            <\/div>\n                    <a href=\"https:\/\/comomeaposentar.com.br\/?p=6\">\n                        <h3 class=\"hts-title\">Um guia completo para se aposentar com tranquilidade<\/h3>\n                    <\/a>\n                                        <p class=\"small\">January 31, 2024 | by comomeaposentar.com.br<\/p>\n                                    <\/div>\n            <\/div>\n                        <div class=\"hts-post hts-large\">\n                                <div class=\"hts-image-wrapper\">\n                                        <a href=\"https:\/\/comomeaposentar.com.br\/?p=4\" class=\"hts-featured-post-link\">\n                        <img decoding=\"async\" src=\"https:\/\/images.unsplash.com\/photo-1512758017271-d7b84c2113f1?crop=entropy\" title=\"Photo by Daria Nepriakhina \ud83c\uddfa\ud83c\udde6\" alt=\"printed sticky notes glued on board\">                    <\/a>\n                                        <span class=\"hts-unsplash-data\">Photo by <a href=\"https:\/\/unsplash.com\/@epicantus?utm_source=hostinger&#038;utm_medium=referral\" rel=\"nofollow\">Daria Nepriakhina \ud83c\uddfa\ud83c\udde6<\/a> on <a href=\"https:\/\/unsplash.com\/?utm_source=hostinger&#038;utm_medium=referral\" rel=\"nofollow\">Unsplash<\/a><\/span>                <\/div>\n                <div class=\"hts-post-details\">\n                    <div class=\"hts-capsules\">\n                                                                                                                        <a href=\"https:\/\/comomeaposentar.com.br\/?cat=1\">\n                            <div>Blog<\/div>\n                        <\/a>\n                                                                                            <\/div>\n                    <a href=\"https:\/\/comomeaposentar.com.br\/?p=4\">\n                        <h3 class=\"hts-title\">Um guia completo para quem deseja se aposentar<\/h3>\n                    <\/a>\n                                        <p class=\"small\">January 31, 2024 | by comomeaposentar.com.br<\/p>\n                                    <\/div>\n            <\/div>\n                    <\/div>\n    <\/div>\n<\/section><section class=\"hts-section hts-newsletter\">\n\t<hr class=\"full\">\n\t<div class=\"wrapper\">\n\t<div>\n\t\t<h3 class=\"hts-title\">Newsletter<\/h3>\n\t\t<p>Subscribe to stay up-to-date with my latest creative projects, insights, and tips.<\/p>\n\t<\/div>\n\t<div class=\"hts-newsletter-block\">\n\t\t<form>\n\t\t\t<input type=\"hidden\" id=\"newsletter_nonce\" name=\"newsletter_nonce\" value=\"dc88b57cdf\" \/><input type=\"hidden\" name=\"_wp_http_referer\" value=\"\/index.php?rest_route=%2Fwp%2Fv2%2Fpages%2F25\" \/>\t\t\t<label for=\"hts-newsletter-email\">Email<\/label>\n\t\t\t<input type=\"email\"\n\t\t\t       id=\"hts-newsletter-email\"\n\t\t\t       name=\"newsletter_email\"\n\t\t\t       placeholder=\"What\u2019s your email?\">\n\t\t\t<div class=\"validate-message\"><\/div>\n\t\t\t<div class=\"hts-privacy-agree\">\n\t\t\t\t<label class=\"hts-form-control\">\n\t\t\t\t<input type=\"checkbox\" id=\"privacy-policy-checkbox\" name=\"privacy_policy\" required>\n\t\t\t\t<\/label>\n\t\t\t\t<span>\n\t\t\t\t\tI consent to use of my email address for the purpose of receiving newsletters as described in <a href=\"\" target=\"_blank\">Privacy Policy<\/a>, which I have read. I may withdraw my consent at any time.\t\t\t\t<\/span>\n\t\t\t<\/div>\n\t\t\t<input type=\"submit\" class=\"btn primary\" value=\"Subscribe\"\/>\n\t\t<\/form>\n\t<\/div>\n\t<\/div>\n<\/section>","protected":false},"excerpt":{"rendered":"","protected":false},"author":1,"featured_media":0,"parent":0,"menu_order":0,"comment_status":"closed","ping_status":"closed","template":"","meta":{"om_disable_all_campaigns":false,"_monsterinsights_skip_tracking":false,"_monsterinsights_sitenote_active":false,"_monsterinsights_sitenote_note":"","_monsterinsights_sitenote_category":0,"footnotes":""},"aioseo_notices":[],"_links":{"self":[{"href":"https:\/\/comomeaposentar.com.br\/index.php?rest_route=\/wp\/v2\/pages\/25"}],"collection":[{"href":"https:\/\/comomeaposentar.com.br\/index.php?rest_route=\/wp\/v2\/pages"}],"about":[{"href":"https:\/\/comomeaposentar.com.br\/index.php?rest_route=\/wp\/v2\/types\/page"}],"author":[{"embeddable":true,"href":"https:\/\/comomeaposentar.com.br\/index.php?rest_route=\/wp\/v2\/users\/1"}],"replies":[{"embeddable":true,"href":"https:\/\/comomeaposentar.com.br\/index.php?rest_route=%2Fwp%2Fv2%2Fcomments&post=25"}],"version-history":[{"count":0,"href":"https:\/\/comomeaposentar.com.br\/index.php?rest_route=\/wp\/v2\/pages\/25\/revisions"}],"wp:attachment":[{"href":"https:\/\/comomeaposentar.com.br\/index.php?rest_route=%2Fwp%2Fv2%2Fmedia&parent=25"}],"curies":[{"name":"wp","href":"https:\/\/api.w.org\/{rel}","templated":true}]}}